{"version":"1.0","provider_name":"Blog imosver","provider_url":"https:\/\/www.imosver.com\/blog","title":"Diario de Ana Frank - Blog imosver","type":"rich","width":600,"height":338,"html":"<blockquote class=\"wp-embedded-content\"><a href=\"https:\/\/www.imosver.com\/blog\/diario-de-ana-frank\/\">Diario de Ana Frank<\/a><\/blockquote>\n<script type='text\/javascript'>\n<!--\/\/--><![CDATA[\/\/><!--\n\t\t\/*! This file is auto-generated *\/\n\t\t!function(c,d){\"use strict\";var e=!1,n=!1;if(d.querySelector)if(c.addEventListener)e=!0;if(c.wp=c.wp||{},!c.wp.receiveEmbedMessage)if(c.wp.receiveEmbedMessage=function(e){var t=e.data;if(t)if(t.secret||t.message||t.value)if(!\/[^a-zA-Z0-9]\/.test(t.secret)){for(var r,a,i,s=d.querySelectorAll('iframe[data-secret=\"'+t.secret+'\"]'),n=d.querySelectorAll('blockquote[data-secret=\"'+t.secret+'\"]'),o=0;o<n.length;o++)n[o].style.display=\"none\";for(o=0;o<s.length;o++)if(r=s[o],e.source===r.contentWindow){if(r.removeAttribute(\"style\"),\"height\"===t.message){if(1e3<(i=parseInt(t.value,10)))i=1e3;else if(~~i<200)i=200;r.height=i}if(\"link\"===t.message)if(a=d.createElement(\"a\"),i=d.createElement(\"a\"),a.href=r.getAttribute(\"src\"),i.href=t.value,i.host===a.host)if(d.activeElement===r)c.top.location.href=t.value}}},e)c.addEventListener(\"message\",c.wp.receiveEmbedMessage,!1),d.addEventListener(\"DOMContentLoaded\",t,!1),c.addEventListener(\"load\",t,!1);function t(){if(!n){n=!0;for(var e,t,r=-1!==navigator.appVersion.indexOf(\"MSIE 10\"),a=!!navigator.userAgent.match(\/Trident.*rv:11\\.\/),i=d.querySelectorAll(\"iframe.wp-embedded-content\"),s=0;s<i.length;s++){if(!(e=i[s]).getAttribute(\"data-secret\"))t=Math.random().toString(36).substr(2,10),e.src+=\"#?secret=\"+t,e.setAttribute(\"data-secret\",t);if(r||a)(t=e.cloneNode(!0)).removeAttribute(\"security\"),e.parentNode.replaceChild(t,e)}}}}(window,document);\n\/\/--><!]]>\n<\/script><iframe sandbox=\"allow-scripts\" security=\"restricted\" src=\"https:\/\/www.imosver.com\/blog\/diario-de-ana-frank\/embed\/\" width=\"600\" height=\"338\" title=\"\u00abDiario de Ana Frank\u00bb \u2014 Blog imosver\" frameborder=\"0\" marginwidth=\"0\" marginheight=\"0\" scrolling=\"no\" class=\"wp-embedded-content\"><\/iframe>","description":"El Diario de Ana Frank lo record\u00e1bamos\u00a0 hace unos d\u00edas en nuestro blog cuando hablamos de\u00a0Los libros que hay que leer Si busc\u00e1is en casi todos los rankings de libros m\u00e1s le\u00eddos o m\u00e1s importantes de los \u00faltimos a\u00f1os, esta obra autobiogr\u00e1fica aparece siempre. En el a\u00f1o 1999, el peri\u00f3dico franc\u00e9s Le Monde, lo situ\u00f3 [&hellip;]","thumbnail_url":"https:\/\/www.imosver.com\/blog\/wp-content\/uploads\/2013\/06\/25-06-13-ANA-FRANK-FOTO-200x290.jpg"}

El Diario de Ana Frank lo recordábamos  hace unos días en nuestro blog cuando hablamos de Los libros que hay que leer Si buscáis en casi todos los rankings de libros más leídos o más importantes de los últimos años, esta obra autobiográfica aparece siempre. En el año 1999, el periódico francés Le Monde, lo situó [&hellip;]
