{"version":"1.0","provider_name":"Blog imosver","provider_url":"https:\/\/www.imosver.com\/blog","title":"Hay Festival Segovia 2013 - Blog imosver","type":"rich","width":600,"height":338,"html":"<blockquote class=\"wp-embedded-content\"><a href=\"https:\/\/www.imosver.com\/blog\/hay-festival-segovia-2013\/\">Hay Festival Segovia 2013<\/a><\/blockquote>\n<script type='text\/javascript'>\n<!--\/\/--><![CDATA[\/\/><!--\n\t\t\/*! This file is auto-generated *\/\n\t\t!function(c,d){\"use strict\";var e=!1,n=!1;if(d.querySelector)if(c.addEventListener)e=!0;if(c.wp=c.wp||{},!c.wp.receiveEmbedMessage)if(c.wp.receiveEmbedMessage=function(e){var t=e.data;if(t)if(t.secret||t.message||t.value)if(!\/[^a-zA-Z0-9]\/.test(t.secret)){for(var r,a,i,s=d.querySelectorAll('iframe[data-secret=\"'+t.secret+'\"]'),n=d.querySelectorAll('blockquote[data-secret=\"'+t.secret+'\"]'),o=0;o<n.length;o++)n[o].style.display=\"none\";for(o=0;o<s.length;o++)if(r=s[o],e.source===r.contentWindow){if(r.removeAttribute(\"style\"),\"height\"===t.message){if(1e3<(i=parseInt(t.value,10)))i=1e3;else if(~~i<200)i=200;r.height=i}if(\"link\"===t.message)if(a=d.createElement(\"a\"),i=d.createElement(\"a\"),a.href=r.getAttribute(\"src\"),i.href=t.value,i.host===a.host)if(d.activeElement===r)c.top.location.href=t.value}}},e)c.addEventListener(\"message\",c.wp.receiveEmbedMessage,!1),d.addEventListener(\"DOMContentLoaded\",t,!1),c.addEventListener(\"load\",t,!1);function t(){if(!n){n=!0;for(var e,t,r=-1!==navigator.appVersion.indexOf(\"MSIE 10\"),a=!!navigator.userAgent.match(\/Trident.*rv:11\\.\/),i=d.querySelectorAll(\"iframe.wp-embedded-content\"),s=0;s<i.length;s++){if(!(e=i[s]).getAttribute(\"data-secret\"))t=Math.random().toString(36).substr(2,10),e.src+=\"#?secret=\"+t,e.setAttribute(\"data-secret\",t);if(r||a)(t=e.cloneNode(!0)).removeAttribute(\"security\"),e.parentNode.replaceChild(t,e)}}}}(window,document);\n\/\/--><!]]>\n<\/script><iframe sandbox=\"allow-scripts\" security=\"restricted\" src=\"https:\/\/www.imosver.com\/blog\/hay-festival-segovia-2013\/embed\/\" width=\"600\" height=\"338\" title=\"\u00abHay Festival Segovia 2013\u00bb \u2014 Blog imosver\" frameborder=\"0\" marginwidth=\"0\" marginheight=\"0\" scrolling=\"no\" class=\"wp-embedded-content\"><\/iframe>","description":"Durante los d\u00edas 26 al 29 de septiembre, tendr\u00e1 lugar en Segovia una nueva edici\u00f3n del Hay Festival Segovia, \u2018una fiesta para celebrar el poder de la palabra\u2019. Este festival es un hogar para so\u00f1ar en p\u00fablico, seg\u00fan palabras de su\u00a0 directora Mar\u00eda Sheila Cremaschi. Exposiciones, conversaciones, debates, conciertos y films dar\u00e1n contenido a esta [&hellip;]","thumbnail_url":"https:\/\/www.imosver.com\/blog\/wp-content\/uploads\/2013\/09\/09-09-13-HAY-FESTIVAL-SEGOVIA-2013-200x173.jpg"}

Durante los días 26 al 29 de septiembre, tendrá lugar en Segovia una nueva edición del Hay Festival Segovia, ‘una fiesta para celebrar el poder de la palabra’. Este festival es un hogar para soñar en público, según palabras de su  directora María Sheila Cremaschi. Exposiciones, conversaciones, debates, conciertos y films darán contenido a esta [&hellip;]
